when 149485 is divided by 105.
70
Calculate the remainder when 282351 is divided by 13.
4
What is the remainder when 720538 is divided by 240170?
28
Calculate the remainder when 136015 is divided by 12362.
33
Calculate the remainder when 1988816 is divided by 362.
350
What is the remainder when 1511409 is divided by 2001?
654
Calculate the remainder when 13589649 is divided by 5522.
7
Calculate the remainder when 57123 is divided by 1039.
1017
Calculate the remainder when 51155 is divided by 312.
299
What is the remainder when 182003 is divided by 8?
3
Calculate the remainder when 307304 is divided by 23636.
36
Calculate the remainder when 53779559 is divided by 3361222.
7
Calculate the remainder when 744996 is divided by 2058.
0
What is the remainder when 7793707 is divided by 370?
27
Calculate the remainder when 841691 is divided by 21.
11
Calculate the remainder when 8274755 is divided by 2758243.
26
Calculate the remainder when 300614 is divided by 246.
2
Calculate the remainder when 296814 is divided by 1629.
336
What is the remainder when 11296513 is divided by 3462?
7
Calculate the remainder when 1654385 is divided by 1908.
149
What is the remainder when 4538865 is divided by 216136?
9
What is the remainder when 462927959 is divided by 81?
80
Calculate the remainder when 74559 is divided by 73570.
989
Calculate the remainder when 152650 is divided by 16961.
1
Calculate the remainder when 26126 is divided by 12558.
1010
Calculate the remainder when 376135 is divided by 193.
171
Calculate the remainder when 5271788 is divided by 2635887.
14
Calculate the remainder when 4061322 is divided by 39051.
18
Calculate the remainder when 351686 is divided by 1265.
16
Calculate the remainder when 7296397 is divided by 70.
17
Calculate the remainder when 15149 is divided by 29.
11
What is the remainder when 9112 is divided by 160?
152
What is the remainder when 162321 is divided by 10?
1
What is the remainder when 2670008 is divided by 6675?
8
What is the remainder when 1678457624 is divided by 285?
284
Calculate the remainder when 305852 is divided by 3331.
2731
Calculate the remainder when 1597799 is divided by 1076.
1015
Calculate the remainder when 9048494 is divided by 1131060.
14
Calculate the remainder when 46451 is divided by 3570.
41
Calculate the remainder when 18211438 is divided by 26586.
28
What is the remainder when 2329899095 is divided by 34?
33
Calculate the remainder when 79057 is divided by 26158.
583
What is the remainder when 486576 is divided by 15691?
155
Calculate the remainder when 11218 is divided by 361.
27
What is the remainder when 42004 is divided by 4363?
2737
Calculate the remainder when 4643449 is divided by 4792.
1
What is the remainder when 2071363 is divided by 936?
931
What is the remainder when 254011 is divided by 797?
565
Calculate the remainder when 6143358 is divided by 10758.
540
What is the remainder when 40967326 is divided by 87?
70
Calculate the remainder when 10796876 is divided by 819.
818
Calculate the remainder when 178274 is divided by 7358.
1682
Calculate the remainder when 2218262 is divided by 110894.
382
Calculate the remainder when 86974 is divided by 7213.
418
Calculate the remainder when 8757500 is divided by 1251071.
3
What is the remainder when 15705026 is divided by 33774?
116
Calculate the remainder when 959123 is divided by 6394.
23
Calculate the remainder when 327564 is divided by 15596.
48
What is the remainder when 67054 is divided by 16383?
1522
What is the remainder when 55873 is divided by 462?
433
What is the remainder when 2802038 is divided by 1401010?
18
What is the remainder when 29018291 is divided by 2385?
2381
What is the remainder when 16104101 is divided by 127?
120
What is the remainder when 3915816 is divided by 133?
30
What is the remainder when 7696589 is divided by 9?
5
What is the remainder when 7282607 is divided by 29?
11
Calculate the remainder when 258043 is divided by 86013.
4
Calculate the remainder when 220308308 is divided by 83198.
4
What is the remainder when 18754135 is divided by 15?
10
What is the remainder when 151745 is divided by 75707?
331
Calculate the remainder when 40897704 is divided by 47.
43
What is the remainder when 56339758 is divided by 663?
7
What is the remainder when 151670967 is divided by 253?
250
What is the remainder when 88380991 is divided by 88380983?
8
Calculate the remainder when 105983 is divided by 1262.
1237
Calculate the remainder when 164504 is divided by 603.
488
Calculate the remainder when 5984995 is divided by 13.
3
What is the remainder when 782490 is divided by 17783?
38
Calculate the remainder when 390646 is divided by 2642.
2272
Calculate the remainder when 23258 is divided by 5569.
982
Calculate the remainder when 3272719 is divided by 39.
34
What is the remainder when 1585311 is divided by 39632?
31
What is the remainder when 40588286 is divided by 394061?
3
Calculate the remainder when 6692014 is divided by 4098.
4078
Calculate the remainder when 55599124 is divided by 394320.
4
What is the remainder when 164794 is divided by 3922?
70
What is the remainder when 811119358 is divided by 13?
10
Calculate the remainder when 9699366 is divided by 4849681.
4
What is the remainder when 612247 is divided by 57?
10
What is the remainder when 6432362 is divided by 4257?
35
Calculate the remainder when 4337017 is divided by 1123.
1114
Calculate the remainder when 3369 is divided by 1576.
217
Calculate the remainder when 4361 is divided by 3740.
621
Calculate the remainder when 2378015 is divided by 278.
3
Calculate the remainder when 108839 is divided by 15547.
10
What is the remainder when 3975944 is divided by 10463?
4
What is the remainder when 168652 is divided by 56201?
49
What is the remainder when 1534231 is divided by 511405?
16
What is the remainder when 8477327 is divided by 529?
102
What is the remainder when 22383858 is divided by 21237?
60
What is the remainder when 136335 is divided by 1186?
1131
Calculate the remainder when 4240 is divided by 3515.
725
Calculate the remainder when 112458 is divided by 719.
294
Calculate the remainder when 6220275 is divided by 9382.
9
What is the remainder when 111832419 is divided by 28?
27
Calculate the remainder when 25023902 is divided by 1785.
1772
Calculate the remainder when 675735 is divided by 6895.
25
Calculate the remainder when 8503 is divided by 2160.
2023
What is the remainder when 53480884 is divided by 305605?
9
Calculate the remainder when 112099 is divided by 2293.
2035
Calculate the remainder when 16163870 is divided by 2179.
48
Calculate the remainder when 638894 is divided by 127772.
34
Calculate the remainder when 519160 is divided by 129717.
292
Calculate the remainder when 456658 is divided by 2185.
2178
Calculate the remainder when 9164 is divided by 1500.
164
Calculate the remainder when 26834 is divided by 448.
402
What is the remainder when 95629 is divided by 1908?
229
Calculate the remainder when 344006 is divided by 280.
166
Calculate the remainder when 124889 is divided by 69.
68
What is the remainder when 800438363 is divided by 2277?
2276
What is the remainder when 9375964 is divided by 118?
38
Calculate the remainder when 33373582 is divided by 272.
270
Calculate the remainder when 21668478 is divided by 84.
6
What is the remainder when 524699 is divided by 262312?
75
Calculate the remainder when 120177499 is divided by 1793694.
1
What is the remainder when 158999 is divided by 1683?
797
Calculate the remainder when 30454 is divided by 822.
40
What is the remainder when 5656374 is divided by 22?
20
What is the remainder when 2357478 is divided by 1381?
111
What is the remainder when 4657822 is divided by 36?
34
What is the remainder when 749338 is divided by 133?
16
Calculate the remainder when 52793 is divided by 51774.
1019
What is the remainder when 3893971 is divided by 40?
11
What is the remainder when 138055880 is divided by 71?
1
Calculate the remainder when 1884496 is divided by 48.
16
Calculate the remainder when 397964 is divided by 22109.
2
Calculate the remainder when 1227057 is divided by 25041.
48
What is the remainder when 2806112 is divided by 2565?
2
What is the remainder when 15718433 is divided by 2521?
2519
What is